{"id":1706,"date":"2026-04-22T07:14:58","date_gmt":"2026-04-22T07:14:58","guid":{"rendered":"https:\/\/akinatilla.com\/?post_type=product&#038;p=1706"},"modified":"2026-04-22T09:19:13","modified_gmt":"2026-04-22T09:19:13","slug":"yeni-dunya-ticareti-tr-ebook","status":"publish","type":"product","link":"https:\/\/akinatilla.com\/index.php\/urun\/yeni-dunya-ticareti-tr-ebook\/","title":{"rendered":"Yeni D\u00fcnya Ticareti [TR]\u00a0eBook"},"content":{"rendered":"<p data-start=\"184\" data-end=\"292\"><strong>G\u00fcmr\u00fck Sava\u015flar\u0131, Tedarik Zincirleri ve Dijital Giri\u015fimcinin Hayatta Kalma Rehberi<\/strong><\/p>\n<p data-start=\"294\" data-end=\"355\">Son birka\u00e7 y\u0131lda ticaret sessizce de\u011fi\u015fmedi \u2014 k\u00f6kten d\u00f6n\u00fc\u015ft\u00fc.<\/p>\n<p data-start=\"357\" data-end=\"516\">Pandemi, sava\u015flar, artan tarifeler ve de\u011fi\u015fen kurallar\u2026<br data-start=\"412\" data-end=\"415\" \/>Y\u0131llard\u0131r \u201c\u00e7al\u0131\u015f\u0131yor\u201d sand\u0131\u011f\u0131m\u0131z sistem asl\u0131nda k\u0131r\u0131lgand\u0131. Ve ilk ciddi testte bunu a\u00e7\u0131k\u00e7a g\u00f6sterdi.<\/p>\n<p data-start=\"518\" data-end=\"653\">Bu kitap, sana taktik vermek i\u00e7in yaz\u0131lmad\u0131.<br data-start=\"562\" data-end=\"565\" \/>\u201c\u015eunu sat, buradan al\u201d diyen i\u00e7eriklerden farkl\u0131 olarak, bu kitap <strong data-start=\"631\" data-end=\"644\">nedenleri<\/strong> anlat\u0131r.<\/p>\n<p data-start=\"655\" data-end=\"701\">\u00c7\u00fcnk\u00fc sistemi anlarsan, oyunu kendin kurars\u0131n.<\/p>\n<p data-start=\"703\" data-end=\"955\">Ak\u0131n Atilla, k\u00fcresel ticaretin son 80 y\u0131l\u0131n\u0131, hipergloballe\u015fmenin y\u00fckseli\u015fini ve bug\u00fcnk\u00fc k\u0131r\u0131lmay\u0131 sade ama derin bir anlat\u0131mla ele al\u0131yor. Ard\u0131ndan bu d\u00f6n\u00fc\u015f\u00fcm\u00fcn e-ticaret, dropshipping ve dijital giri\u015fimcilik \u00fczerindeki ger\u00e7ek etkisini ortaya koyuyor.<\/p>\n<p data-start=\"957\" data-end=\"968\">Bu kitapta:<\/p>\n<ul data-start=\"970\" data-end=\"1320\">\n<li data-section-id=\"hpjtq8\" data-start=\"970\" data-end=\"1030\">K\u00fcresel ticaret sistemi nas\u0131l kuruldu ve neden k\u0131r\u0131l\u0131yor<\/li>\n<li data-section-id=\"1semwxe\" data-start=\"1031\" data-end=\"1082\">G\u00fcmr\u00fck sava\u015flar\u0131n\u0131n i\u015fletmelere ger\u00e7ek maliyeti<\/li>\n<li data-section-id=\"10ntuqe\" data-start=\"1083\" data-end=\"1140\">De minimis gibi kritik de\u011fi\u015fimlerin e-ticarete etkisi<\/li>\n<li data-section-id=\"nn8jgj\" data-start=\"1141\" data-end=\"1190\">Tedarik zincirlerinin nas\u0131l yeniden yaz\u0131ld\u0131\u011f\u0131<\/li>\n<li data-section-id=\"1ssolxz\" data-start=\"1191\" data-end=\"1248\">Dropshipping modelinin neden de\u011fi\u015fmek zorunda kald\u0131\u011f\u0131<\/li>\n<li data-section-id=\"4afx1h\" data-start=\"1249\" data-end=\"1320\">Yeni d\u00f6nemde ayakta kalmak ve b\u00fcy\u00fcmek i\u00e7in nas\u0131l d\u00fc\u015f\u00fcnmen gerekti\u011fi<\/li>\n<\/ul>\n<p data-start=\"1322\" data-end=\"1364\">net ve anla\u015f\u0131l\u0131r bir \u015fekilde ele al\u0131n\u0131yor.<\/p>\n<p data-start=\"1366\" data-end=\"1487\">Bu kitap, h\u0131zl\u0131 t\u00fcketilecek bir i\u00e7erik de\u011fil.<br data-start=\"1411\" data-end=\"1414\" \/>Okuduk\u00e7a derinle\u015fen, d\u00fc\u015f\u00fcnd\u00fcren ve sana <strong data-start=\"1454\" data-end=\"1475\">netlik kazand\u0131ran<\/strong> bir rehber.<\/p>\n<p data-start=\"1489\" data-end=\"1624\">E\u011fer global pazarda i\u015f kuruyor, e-ticaret yap\u0131yor ya da bu alana girmeyi planl\u0131yorsan, bu kitap sana sadece bilgi de\u011fil, <strong data-start=\"1610\" data-end=\"1617\">y\u00f6n<\/strong> verir.<\/p>\n<hr data-start=\"1626\" data-end=\"1629\" \/>\n<p data-start=\"1631\" data-end=\"1691\">\ud83d\udccc <strong data-start=\"1634\" data-end=\"1649\">\u00d6nemli Not:<\/strong><br data-start=\"1649\" data-end=\"1652\" \/>Bu kitap <strong data-start=\"1661\" data-end=\"1671\">T\u00fcrk\u00e7e<\/strong> olarak yaz\u0131lm\u0131\u015ft\u0131r.<\/p>\n<hr data-start=\"1693\" data-end=\"1696\" \/>\n<h2 data-section-id=\"qwb9u9\" data-start=\"1698\" data-end=\"1733\">ENGLISH<\/h2>\n<p data-start=\"1735\" data-end=\"1839\"><strong data-start=\"1735\" data-end=\"1758\">Yeni D\u00fcnya Ticareti<\/strong><br data-start=\"1758\" data-end=\"1761\" \/>Customs Wars, Supply Chains, and a Survival Guide for the Digital Entrepreneur<\/p>\n<p data-start=\"1841\" data-end=\"1921\">Global trade didn\u2019t just change in recent years \u2014 it was fundamentally reshaped.<\/p>\n<p data-start=\"1923\" data-end=\"2059\">Pandemics, wars, tariffs, and shifting rules\u2026<br data-start=\"1968\" data-end=\"1971\" \/>The system that once seemed stable turned out to be fragile. And when tested, it showed.<\/p>\n<p data-start=\"2061\" data-end=\"2147\">This book is not about tactics.<br data-start=\"2092\" data-end=\"2095\" \/>It doesn\u2019t tell you what to sell or where to source.<\/p>\n<p data-start=\"2149\" data-end=\"2193\">Instead, it explains <strong data-start=\"2170\" data-end=\"2192\">why things changed<\/strong>.<\/p>\n<p data-start=\"2195\" data-end=\"2267\">Because once you understand the system, you can build your own strategy.<\/p>\n<p data-start=\"2269\" data-end=\"2495\">In this book, Ak\u0131n Atilla explores the evolution of global trade over the past 80 years, the rise and fall of hyper-globalization, and how these shifts directly impact e-commerce, dropshipping, and digital entrepreneurs today.<\/p>\n<p data-start=\"2497\" data-end=\"2517\">Inside, you\u2019ll find:<\/p>\n<ul data-start=\"2519\" data-end=\"2849\">\n<li data-section-id=\"d2qfdn\" data-start=\"2519\" data-end=\"2584\">How the global trade system was built \u2014 and why it\u2019s breaking<\/li>\n<li data-section-id=\"18y03ik\" data-start=\"2585\" data-end=\"2629\">The real impact of tariffs on businesses<\/li>\n<li data-section-id=\"1td4by6\" data-start=\"2630\" data-end=\"2688\">How critical changes like de minimis affect e-commerce<\/li>\n<li data-section-id=\"rplssi\" data-start=\"2689\" data-end=\"2730\">Why supply chains are being rewritten<\/li>\n<li data-section-id=\"108tgvs\" data-start=\"2731\" data-end=\"2781\">What really happened to the dropshipping model<\/li>\n<li data-section-id=\"jnz22l\" data-start=\"2782\" data-end=\"2849\">How to think and position yourself in the new trade environment<\/li>\n<\/ul>\n<p data-start=\"2851\" data-end=\"2963\">This is not a quick read.<br data-start=\"2876\" data-end=\"2879\" \/>It\u2019s a structured, insightful book that gives you <strong data-start=\"2929\" data-end=\"2940\">clarity<\/strong>, not just information.<\/p>\n<p data-start=\"2965\" data-end=\"3119\">If you\u2019re building or planning to build a business in global markets, this book will help you understand not just what is happening \u2014 but what to do next.<\/p>\n<hr data-start=\"3121\" data-end=\"3124\" \/>\n<p data-start=\"3126\" data-end=\"3187\">\ud83d\udccc <strong data-start=\"3129\" data-end=\"3148\">Important Note:<\/strong><br data-start=\"3148\" data-end=\"3151\" \/>This book is written in <strong data-start=\"3175\" data-end=\"3186\">Turkish<\/strong>.<\/p>\n","protected":false},"excerpt":{"rendered":"<p data-start=\"184\" data-end=\"292\"><strong>G\u00fcmr\u00fck Sava\u015flar\u0131, Tedarik Zincirleri ve Dijital Giri\u015fimcinin Hayatta Kalma Rehberi<\/strong><\/p>\n<p data-start=\"294\" data-end=\"355\">Son birka\u00e7 y\u0131lda ticaret sessizce de\u011fi\u015fmedi \u2014 k\u00f6kten d\u00f6n\u00fc\u015ft\u00fc.<\/p>\n<p data-start=\"357\" data-end=\"516\">Pandemi, sava\u015flar, artan tarifeler ve de\u011fi\u015fen kurallar\u2026<br data-start=\"412\" data-end=\"415\" \/>Y\u0131llard\u0131r \u201c\u00e7al\u0131\u015f\u0131yor\u201d sand\u0131\u011f\u0131m\u0131z sistem asl\u0131nda k\u0131r\u0131lgand\u0131. Ve ilk ciddi testte bunu a\u00e7\u0131k\u00e7a g\u00f6sterdi.<\/p>\n<p data-start=\"518\" data-end=\"653\">Bu kitap, sana taktik vermek i\u00e7in yaz\u0131lmad\u0131.<br data-start=\"562\" data-end=\"565\" \/>\u201c\u015eunu sat, buradan al\u201d diyen i\u00e7eriklerden farkl\u0131 olarak, bu kitap <strong data-start=\"631\" data-end=\"644\">nedenleri<\/strong> anlat\u0131r.<\/p>\n<p data-start=\"655\" data-end=\"701\">\u00c7\u00fcnk\u00fc sistemi anlarsan, oyunu kendin kurars\u0131n.<\/p>\n<p data-start=\"655\" data-end=\"701\"><strong data-start=\"3129\" data-end=\"3148\">Important Note:<\/strong><br data-start=\"3148\" data-end=\"3151\" \/>This book is written in <strong data-start=\"3175\" data-end=\"3186\">Turkish<\/strong>.<\/p>\n","protected":false},"featured_media":1707,"comment_status":"open","ping_status":"closed","template":"","meta":{"content-type":"","site-sidebar-layout":"default","site-content-layout":"","ast-site-content-layout":"default","site-content-style":"default","site-sidebar-style":"default","ast-global-header-display":"","ast-banner-title-visibility":"","ast-main-header-display":"","ast-hfb-above-header-display":"","ast-hfb-below-header-display":"","ast-hfb-mobile-header-display":"","site-post-title":"","ast-breadcrumbs-content":"","ast-featured-img":"","footer-sml-layout":"","ast-disable-related-posts":"","theme-transparent-header-meta":"default","adv-header-id-meta":"","stick-header-meta":"","header-above-stick-meta":"","header-main-stick-meta":"","header-below-stick-meta":"","astra-migrate-meta-layouts":"set","ast-page-background-enabled":"default","ast-page-background-meta":{"desktop":{"background-color":"","background-image":"","background-repeat":"repeat","background-position":"center center","background-size":"auto","background-attachment":"scroll","background-type":"","background-media":"","overlay-type":"","overlay-color":"","overlay-opacity":"","overlay-gradient":""},"tablet":{"background-color":"","background-image":"","background-repeat":"repeat","background-position":"center center","background-size":"auto","background-attachment":"scroll","background-type":"","background-media":"","overlay-type":"","overlay-color":"","overlay-opacity":"","overlay-gradient":""},"mobile":{"background-color":"","background-image":"","background-repeat":"repeat","background-position":"center center","background-size":"auto","background-attachment":"scroll","background-type":"","background-media":"","overlay-type":"","overlay-color":"","overlay-opacity":"","overlay-gradient":""}},"ast-content-background-meta":{"desktop":{"background-color":"var(--ast-global-color-5)","background-image":"","background-repeat":"repeat","background-position":"center center","background-size":"auto","background-attachment":"scroll","background-type":"","background-media":"","overlay-type":"","overlay-color":"","overlay-opacity":"","overlay-gradient":""},"tablet":{"background-color":"var(--ast-global-color-5)","background-image":"","background-repeat":"repeat","background-position":"center center","background-size":"auto","background-attachment":"scroll","background-type":"","background-media":"","overlay-type":"","overlay-color":"","overlay-opacity":"","overlay-gradient":""},"mobile":{"background-color":"var(--ast-global-color-5)","background-image":"","background-repeat":"repeat","background-position":"center center","background-size":"auto","background-attachment":"scroll","background-type":"","background-media":"","overlay-type":"","overlay-color":"","overlay-opacity":"","overlay-gradient":""}}},"product_brand":[27],"product_cat":[25,26],"product_tag":[29,31,30,28],"class_list":{"0":"post-1706","1":"product","2":"type-product","3":"status-publish","4":"has-post-thumbnail","6":"product_brand-akin-atilla","7":"product_cat-books","8":"product_cat-store","9":"product_tag-books","10":"product_tag-kitap","11":"product_tag-trade","12":"product_tag-yeni-dunya-ticareti","13":"desktop-align-left","14":"tablet-align-left","15":"mobile-align-left","17":"first","18":"instock","19":"sale","20":"downloadable","21":"virtual","22":"purchasable","23":"product-type-simple"},"yoast_head":"<!-- This site is optimized with the Yoast SEO plugin v27.4 - https:\/\/yoast.com\/product\/yoast-seo-wordpress\/ -->\n<title>Yeni D\u00fcnya Ticareti [TR]\u00a0eBook - AKIN ATILLA<\/title>\n<meta name=\"robots\" content=\"index, follow, max-snippet:-1, max-image-preview:large, max-video-preview:-1\" \/>\n<link rel=\"canonical\" href=\"https:\/\/akinatilla.com\/index.php\/urun\/yeni-dunya-ticareti-tr-ebook\/\" \/>\n<meta property=\"og:locale\" content=\"en_US\" \/>\n<meta property=\"og:type\" content=\"article\" \/>\n<meta property=\"og:title\" content=\"Yeni D\u00fcnya Ticareti [TR]\u00a0eBook - AKIN ATILLA\" \/>\n<meta property=\"og:description\" content=\"G\u00fcmr\u00fck Sava\u015flar\u0131, Tedarik Zincirleri ve Dijital Giri\u015fimcinin Hayatta Kalma Rehberi Son birka\u00e7 y\u0131lda ticaret sessizce de\u011fi\u015fmedi \u2014 k\u00f6kten d\u00f6n\u00fc\u015ft\u00fc. Pandemi, sava\u015flar, artan tarifeler ve de\u011fi\u015fen kurallar\u2026Y\u0131llard\u0131r \u201c\u00e7al\u0131\u015f\u0131yor\u201d sand\u0131\u011f\u0131m\u0131z sistem asl\u0131nda k\u0131r\u0131lgand\u0131. Ve ilk ciddi testte bunu a\u00e7\u0131k\u00e7a g\u00f6sterdi. Bu kitap, sana taktik vermek i\u00e7in yaz\u0131lmad\u0131.\u201c\u015eunu sat, buradan al\u201d diyen i\u00e7eriklerden farkl\u0131 olarak, bu kitap nedenleri anlat\u0131r. \u00c7\u00fcnk\u00fc sistemi anlarsan, oyunu kendin kurars\u0131n. Important Note:This book is written in Turkish.\" \/>\n<meta property=\"og:url\" content=\"https:\/\/akinatilla.com\/index.php\/urun\/yeni-dunya-ticareti-tr-ebook\/\" \/>\n<meta property=\"og:site_name\" content=\"AKIN ATILLA\" \/>\n<meta property=\"article:publisher\" content=\"https:\/\/facebook.com\/oaatilla\" \/>\n<meta property=\"article:modified_time\" content=\"2026-04-22T09:19:13+00:00\" \/>\n<meta property=\"og:image\" content=\"http:\/\/akinatilla.com\/wp-content\/uploads\/2026\/04\/YENI-DUNYA-TICARETI-kapak-v1.2.png\" \/>\n\t<meta property=\"og:image:width\" content=\"1023\" \/>\n\t<meta property=\"og:image:height\" content=\"1537\" \/>\n\t<meta property=\"og:image:type\" content=\"image\/png\" \/>\n<meta name=\"twitter:card\" content=\"summary_large_image\" \/>\n<meta name=\"twitter:site\" content=\"@akinatilla\" \/>\n<meta name=\"twitter:label1\" content=\"Est. reading time\" \/>\n\t<meta name=\"twitter:data1\" content=\"3 minutes\" \/>\n<script type=\"application\/ld+json\" class=\"yoast-schema-graph\">{\"@context\":\"https:\\\/\\\/schema.org\",\"@graph\":[{\"@type\":\"WebPage\",\"@id\":\"https:\\\/\\\/akinatilla.com\\\/index.php\\\/urun\\\/yeni-dunya-ticareti-tr-ebook\\\/\",\"url\":\"https:\\\/\\\/akinatilla.com\\\/index.php\\\/urun\\\/yeni-dunya-ticareti-tr-ebook\\\/\",\"name\":\"Yeni D\u00fcnya Ticareti [TR]\u00a0eBook - AKIN ATILLA\",\"isPartOf\":{\"@id\":\"https:\\\/\\\/akinatilla.com\\\/#website\"},\"primaryImageOfPage\":{\"@id\":\"https:\\\/\\\/akinatilla.com\\\/index.php\\\/urun\\\/yeni-dunya-ticareti-tr-ebook\\\/#primaryimage\"},\"image\":{\"@id\":\"https:\\\/\\\/akinatilla.com\\\/index.php\\\/urun\\\/yeni-dunya-ticareti-tr-ebook\\\/#primaryimage\"},\"thumbnailUrl\":\"https:\\\/\\\/akinatilla.com\\\/wp-content\\\/uploads\\\/2026\\\/04\\\/YENI-DUNYA-TICARETI-kapak-v1.2.png\",\"datePublished\":\"2026-04-22T07:14:58+00:00\",\"dateModified\":\"2026-04-22T09:19:13+00:00\",\"breadcrumb\":{\"@id\":\"https:\\\/\\\/akinatilla.com\\\/index.php\\\/urun\\\/yeni-dunya-ticareti-tr-ebook\\\/#breadcrumb\"},\"inLanguage\":\"en-US\",\"potentialAction\":[{\"@type\":\"ReadAction\",\"target\":[\"https:\\\/\\\/akinatilla.com\\\/index.php\\\/urun\\\/yeni-dunya-ticareti-tr-ebook\\\/\"]}]},{\"@type\":\"ImageObject\",\"inLanguage\":\"en-US\",\"@id\":\"https:\\\/\\\/akinatilla.com\\\/index.php\\\/urun\\\/yeni-dunya-ticareti-tr-ebook\\\/#primaryimage\",\"url\":\"https:\\\/\\\/akinatilla.com\\\/wp-content\\\/uploads\\\/2026\\\/04\\\/YENI-DUNYA-TICARETI-kapak-v1.2.png\",\"contentUrl\":\"https:\\\/\\\/akinatilla.com\\\/wp-content\\\/uploads\\\/2026\\\/04\\\/YENI-DUNYA-TICARETI-kapak-v1.2.png\",\"width\":1023,\"height\":1537},{\"@type\":\"BreadcrumbList\",\"@id\":\"https:\\\/\\\/akinatilla.com\\\/index.php\\\/urun\\\/yeni-dunya-ticareti-tr-ebook\\\/#breadcrumb\",\"itemListElement\":[{\"@type\":\"ListItem\",\"position\":1,\"name\":\"Ana sayfa\",\"item\":\"https:\\\/\\\/akinatilla.com\\\/\"},{\"@type\":\"ListItem\",\"position\":2,\"name\":\"Ma\u011faza\",\"item\":\"https:\\\/\\\/akinatilla.com\\\/index.php\\\/magaza\\\/\"},{\"@type\":\"ListItem\",\"position\":3,\"name\":\"Yeni D\u00fcnya Ticareti [TR]\u00a0eBook\"}]},{\"@type\":\"WebSite\",\"@id\":\"https:\\\/\\\/akinatilla.com\\\/#website\",\"url\":\"https:\\\/\\\/akinatilla.com\\\/\",\"name\":\"AKIN ATILLA\",\"description\":\"Business and Brand Development, Entrepreneur, Consulting\",\"publisher\":{\"@id\":\"https:\\\/\\\/akinatilla.com\\\/#organization\"},\"potentialAction\":[{\"@type\":\"SearchAction\",\"target\":{\"@type\":\"EntryPoint\",\"urlTemplate\":\"https:\\\/\\\/akinatilla.com\\\/?s={search_term_string}\"},\"query-input\":{\"@type\":\"PropertyValueSpecification\",\"valueRequired\":true,\"valueName\":\"search_term_string\"}}],\"inLanguage\":\"en-US\"},{\"@type\":\"Organization\",\"@id\":\"https:\\\/\\\/akinatilla.com\\\/#organization\",\"name\":\"AKIN ATILLA\",\"url\":\"https:\\\/\\\/akinatilla.com\\\/\",\"logo\":{\"@type\":\"ImageObject\",\"inLanguage\":\"en-US\",\"@id\":\"https:\\\/\\\/akinatilla.com\\\/#\\\/schema\\\/logo\\\/image\\\/\",\"url\":\"https:\\\/\\\/akinatilla.com\\\/wp-content\\\/uploads\\\/2019\\\/03\\\/A_icon2-1.png\",\"contentUrl\":\"https:\\\/\\\/akinatilla.com\\\/wp-content\\\/uploads\\\/2019\\\/03\\\/A_icon2-1.png\",\"width\":124,\"height\":124,\"caption\":\"AKIN ATILLA\"},\"image\":{\"@id\":\"https:\\\/\\\/akinatilla.com\\\/#\\\/schema\\\/logo\\\/image\\\/\"},\"sameAs\":[\"https:\\\/\\\/facebook.com\\\/oaatilla\",\"https:\\\/\\\/x.com\\\/akinatilla\",\"https:\\\/\\\/instagram.com\\\/akin.atilla\",\"https:\\\/\\\/linkedin.com\\\/in\\\/akinatilla\",\"https:\\\/\\\/www.youtube.com\\\/c\\\/akinatilla\"]}]}<\/script>\n<!-- \/ Yoast SEO plugin. -->","yoast_head_json":{"title":"Yeni D\u00fcnya Ticareti [TR]\u00a0eBook - AKIN ATILLA","robots":{"index":"index","follow":"follow","max-snippet":"max-snippet:-1","max-image-preview":"max-image-preview:large","max-video-preview":"max-video-preview:-1"},"canonical":"https:\/\/akinatilla.com\/index.php\/urun\/yeni-dunya-ticareti-tr-ebook\/","og_locale":"en_US","og_type":"article","og_title":"Yeni D\u00fcnya Ticareti [TR]\u00a0eBook - AKIN ATILLA","og_description":"G\u00fcmr\u00fck Sava\u015flar\u0131, Tedarik Zincirleri ve Dijital Giri\u015fimcinin Hayatta Kalma Rehberi Son birka\u00e7 y\u0131lda ticaret sessizce de\u011fi\u015fmedi \u2014 k\u00f6kten d\u00f6n\u00fc\u015ft\u00fc. Pandemi, sava\u015flar, artan tarifeler ve de\u011fi\u015fen kurallar\u2026Y\u0131llard\u0131r \u201c\u00e7al\u0131\u015f\u0131yor\u201d sand\u0131\u011f\u0131m\u0131z sistem asl\u0131nda k\u0131r\u0131lgand\u0131. Ve ilk ciddi testte bunu a\u00e7\u0131k\u00e7a g\u00f6sterdi. Bu kitap, sana taktik vermek i\u00e7in yaz\u0131lmad\u0131.\u201c\u015eunu sat, buradan al\u201d diyen i\u00e7eriklerden farkl\u0131 olarak, bu kitap nedenleri anlat\u0131r. \u00c7\u00fcnk\u00fc sistemi anlarsan, oyunu kendin kurars\u0131n. Important Note:This book is written in Turkish.","og_url":"https:\/\/akinatilla.com\/index.php\/urun\/yeni-dunya-ticareti-tr-ebook\/","og_site_name":"AKIN ATILLA","article_publisher":"https:\/\/facebook.com\/oaatilla","article_modified_time":"2026-04-22T09:19:13+00:00","og_image":[{"width":1023,"height":1537,"url":"http:\/\/akinatilla.com\/wp-content\/uploads\/2026\/04\/YENI-DUNYA-TICARETI-kapak-v1.2.png","type":"image\/png"}],"twitter_card":"summary_large_image","twitter_site":"@akinatilla","twitter_misc":{"Est. reading time":"3 minutes"},"schema":{"@context":"https:\/\/schema.org","@graph":[{"@type":"WebPage","@id":"https:\/\/akinatilla.com\/index.php\/urun\/yeni-dunya-ticareti-tr-ebook\/","url":"https:\/\/akinatilla.com\/index.php\/urun\/yeni-dunya-ticareti-tr-ebook\/","name":"Yeni D\u00fcnya Ticareti [TR]\u00a0eBook - AKIN ATILLA","isPartOf":{"@id":"https:\/\/akinatilla.com\/#website"},"primaryImageOfPage":{"@id":"https:\/\/akinatilla.com\/index.php\/urun\/yeni-dunya-ticareti-tr-ebook\/#primaryimage"},"image":{"@id":"https:\/\/akinatilla.com\/index.php\/urun\/yeni-dunya-ticareti-tr-ebook\/#primaryimage"},"thumbnailUrl":"https:\/\/akinatilla.com\/wp-content\/uploads\/2026\/04\/YENI-DUNYA-TICARETI-kapak-v1.2.png","datePublished":"2026-04-22T07:14:58+00:00","dateModified":"2026-04-22T09:19:13+00:00","breadcrumb":{"@id":"https:\/\/akinatilla.com\/index.php\/urun\/yeni-dunya-ticareti-tr-ebook\/#breadcrumb"},"inLanguage":"en-US","potentialAction":[{"@type":"ReadAction","target":["https:\/\/akinatilla.com\/index.php\/urun\/yeni-dunya-ticareti-tr-ebook\/"]}]},{"@type":"ImageObject","inLanguage":"en-US","@id":"https:\/\/akinatilla.com\/index.php\/urun\/yeni-dunya-ticareti-tr-ebook\/#primaryimage","url":"https:\/\/akinatilla.com\/wp-content\/uploads\/2026\/04\/YENI-DUNYA-TICARETI-kapak-v1.2.png","contentUrl":"https:\/\/akinatilla.com\/wp-content\/uploads\/2026\/04\/YENI-DUNYA-TICARETI-kapak-v1.2.png","width":1023,"height":1537},{"@type":"BreadcrumbList","@id":"https:\/\/akinatilla.com\/index.php\/urun\/yeni-dunya-ticareti-tr-ebook\/#breadcrumb","itemListElement":[{"@type":"ListItem","position":1,"name":"Ana sayfa","item":"https:\/\/akinatilla.com\/"},{"@type":"ListItem","position":2,"name":"Ma\u011faza","item":"https:\/\/akinatilla.com\/index.php\/magaza\/"},{"@type":"ListItem","position":3,"name":"Yeni D\u00fcnya Ticareti [TR]\u00a0eBook"}]},{"@type":"WebSite","@id":"https:\/\/akinatilla.com\/#website","url":"https:\/\/akinatilla.com\/","name":"AKIN ATILLA","description":"Business and Brand Development, Entrepreneur, Consulting","publisher":{"@id":"https:\/\/akinatilla.com\/#organization"},"potentialAction":[{"@type":"SearchAction","target":{"@type":"EntryPoint","urlTemplate":"https:\/\/akinatilla.com\/?s={search_term_string}"},"query-input":{"@type":"PropertyValueSpecification","valueRequired":true,"valueName":"search_term_string"}}],"inLanguage":"en-US"},{"@type":"Organization","@id":"https:\/\/akinatilla.com\/#organization","name":"AKIN ATILLA","url":"https:\/\/akinatilla.com\/","logo":{"@type":"ImageObject","inLanguage":"en-US","@id":"https:\/\/akinatilla.com\/#\/schema\/logo\/image\/","url":"https:\/\/akinatilla.com\/wp-content\/uploads\/2019\/03\/A_icon2-1.png","contentUrl":"https:\/\/akinatilla.com\/wp-content\/uploads\/2019\/03\/A_icon2-1.png","width":124,"height":124,"caption":"AKIN ATILLA"},"image":{"@id":"https:\/\/akinatilla.com\/#\/schema\/logo\/image\/"},"sameAs":["https:\/\/facebook.com\/oaatilla","https:\/\/x.com\/akinatilla","https:\/\/instagram.com\/akin.atilla","https:\/\/linkedin.com\/in\/akinatilla","https:\/\/www.youtube.com\/c\/akinatilla"]}]}},"jetpack_sharing_enabled":true,"_links":{"self":[{"href":"https:\/\/akinatilla.com\/index.php\/wp-json\/wp\/v2\/product\/1706","targetHints":{"allow":["GET"]}}],"collection":[{"href":"https:\/\/akinatilla.com\/index.php\/wp-json\/wp\/v2\/product"}],"about":[{"href":"https:\/\/akinatilla.com\/index.php\/wp-json\/wp\/v2\/types\/product"}],"replies":[{"embeddable":true,"href":"https:\/\/akinatilla.com\/index.php\/wp-json\/wp\/v2\/comments?post=1706"}],"wp:featuredmedia":[{"embeddable":true,"href":"https:\/\/akinatilla.com\/index.php\/wp-json\/wp\/v2\/media\/1707"}],"wp:attachment":[{"href":"https:\/\/akinatilla.com\/index.php\/wp-json\/wp\/v2\/media?parent=1706"}],"wp:term":[{"taxonomy":"product_brand","embeddable":true,"href":"https:\/\/akinatilla.com\/index.php\/wp-json\/wp\/v2\/product_brand?post=1706"},{"taxonomy":"product_cat","embeddable":true,"href":"https:\/\/akinatilla.com\/index.php\/wp-json\/wp\/v2\/product_cat?post=1706"},{"taxonomy":"product_tag","embeddable":true,"href":"https:\/\/akinatilla.com\/index.php\/wp-json\/wp\/v2\/product_tag?post=1706"}],"curies":[{"name":"wp","href":"https:\/\/api.w.org\/{rel}","templated":true}]}}